{"id":1983,"date":"2024-11-03T17:55:15","date_gmt":"2024-11-03T16:55:15","guid":{"rendered":"https:\/\/acc-france.fr\/accfranc741\/?page_id=1983"},"modified":"2026-02-05T10:23:28","modified_gmt":"2026-02-05T09:23:28","slug":"hauts-de-france","status":"publish","type":"page","link":"https:\/\/acc-france.fr\/accfranc741\/?page_id=1983","title":{"rendered":"Hauts-de-France"},"content":{"rendered":"\n<p class=\"has-text-color has-medium-font-size\" style=\"color:#20284f\"><strong>NORD-PAS DE CALAIS<\/strong><\/p>\n\n\n\n<figure class=\"wp-block-table\"><table><thead><tr><th class=\"has-text-align-center\" data-align=\"center\">NOM<br>Pr\u00e9nom<\/th><th class=\"has-text-align-center\" data-align=\"center\">Qualit\u00e9(s)<\/th><th class=\"has-text-align-center\" data-align=\"center\">Adresse<\/th><th class=\"has-text-align-center\" data-align=\"center\">Contact(s)<\/th><\/tr><\/thead><tbody><tr><td class=\"has-text-align-center\" data-align=\"center\"><strong>KASEMIERCZAK&nbsp;<br>Dolores<\/strong><\/td><td class=\"has-text-align-center\" data-align=\"center\">Conseill\u00e8re<br>Conseil conjugal &#8211;  Formatrice<br>Accompagnement Spirituel<br>Supervision<\/td><td class=\"has-text-align-center\" data-align=\"center\">59400 CAMBRAI<\/td><td class=\"has-text-align-center\" data-align=\"center\">06 64 73 25 24 <a href=\"mailto:doloreskas07@gmail.com\">doloreskas07@gmail.com<\/a><br><strong><mark style=\"background-color:rgba(0, 0, 0, 0)\" class=\"has-inline-color has-luminous-vivid-orange-color\">VISIO<\/mark><\/strong><\/td><\/tr><tr><td class=\"has-text-align-center\" data-align=\"center\"><strong>KASEMIERCZAK&nbsp;<br>Jean-Pierre<\/strong><\/td><td class=\"has-text-align-center\" data-align=\"center\">Conseiller<br>Conseil conjugal &#8211; Formateur<br>Supervision<\/td><td class=\"has-text-align-center\" data-align=\"center\">59400 CAMBRAI<\/td><td class=\"has-text-align-center\" data-align=\"center\">07 83 41 78 90<br> <a href=\"mailto:jpkasmi@free.fr\">jpkasmi@gmail.com<\/a><br><strong><mark style=\"background-color:rgba(0, 0, 0, 0)\" class=\"has-inline-color has-luminous-vivid-orange-color\">VISIO<\/mark><\/strong><\/td><\/tr><tr><td class=\"has-text-align-center\" data-align=\"center\"><strong>MARIONNET<\/strong><br><strong>Alain<\/strong><\/td><td class=\"has-text-align-center\" data-align=\"center\">Conseiller<br>Psychopraticien<br>Formateur en Accompagnement Spirituel<br>Supervision<\/td><td class=\"has-text-align-center\" data-align=\"center\">59000<br>LILLE<\/td><td class=\"has-text-align-center\" data-align=\"center\">06 13 13 29 88 <a rel=\"noreferrer noopener\" href=\"mailto:alain.marionnet@gmail.com\" target=\"_blank\">alain.marionnet@gmail.com<\/a> <br><strong><mark style=\"background-color:rgba(0, 0, 0, 0)\" class=\"has-inline-color has-luminous-vivid-orange-color\">VISIO<\/mark><\/strong><\/td><\/tr><\/tbody><\/table><\/figure>\n\n\n\n<p class=\"has-medium-font-size\"><strong>OISE<\/strong><\/p>\n\n\n\n<figure class=\"wp-block-table has-medium-font-size\"><table class=\"has-fixed-layout\"><tbody><tr><td class=\"has-text-align-center\" data-align=\"center\"><strong>NOM<br>Pr\u00e9nom<\/strong><\/td><td class=\"has-text-align-center\" data-align=\"center\"><strong>Qualit\u00e9(s)<\/strong><\/td><td class=\"has-text-align-center\" data-align=\"center\"><strong>Adresse<\/strong><\/td><td class=\"has-text-align-center\" data-align=\"center\"><strong>Contact(s)<\/strong><\/td><\/tr><tr><td class=\"has-text-align-center\" data-align=\"center\"><strong>LETZEL<br>Myriam<\/strong><\/td><td class=\"has-text-align-center\" data-align=\"center\">Conseill\u00e8re<br>Psychanaliste<br>Conseill\u00e8re Conjugale et Familiale<br>Supervision<br>Coordinatrice Service Stop Abus du CNEF<\/td><td class=\"has-text-align-center\" data-align=\"center\">60 BAILLEUL SUR THERAIN<\/td><td class=\"has-text-align-center\" data-align=\"center\">06 79 96 10 99<br><a href=\"mailto:contact@cabinet-myriam-letzel.fr\">contact@cabinet-myriam-letzel.fr<\/a><br><strong><span style=\"background-color:rgba(0, 0, 0, 0)\" class=\"has-inline-color has-luminous-vivid-orange-color\">VISIO<\/span><\/strong><\/td><\/tr><\/tbody><\/table><\/figure>\n\n\n\n<p class=\"has-text-color has-medium-font-size\" style=\"color:#20284f\"><strong>SOMME<\/strong><\/p>\n\n\n\n<figure class=\"wp-block-table\"><table><thead><tr><th class=\"has-text-align-center\" data-align=\"center\">NOM<br>Pr\u00e9nom<\/th><th class=\"has-text-align-center\" data-align=\"center\">Qualit\u00e9(s)<\/th><th class=\"has-text-align-center\" data-align=\"center\">Adresse<\/th><th class=\"has-text-align-center\" data-align=\"center\">Contact(s)<\/th><\/tr><\/thead><tbody><tr><td class=\"has-text-align-center\" data-align=\"center\"><strong>JEANSON&nbsp;<br>Agn\u00e8s<\/strong><\/td><td class=\"has-text-align-center\" data-align=\"center\">M\u00e9decin addictologue<br>Conseill\u00e8re<br>Accompagnatrice spirituelle<\/td><td class=\"has-text-align-center\" data-align=\"center\">80120 RUE<\/td><td class=\"has-text-align-center\" data-align=\"center\">06 08 26 08 97<br><a href=\"http:\/\/agn\u00e8s.jeanson@free.fr\">agn\u00e8s.jeanson@free.fr<\/a> <\/td><\/tr><tr><td class=\"has-text-align-center\" data-align=\"center\"><\/td><td class=\"has-text-align-center\" data-align=\"center\"><\/td><td class=\"has-text-align-center\" data-align=\"center\"><\/td><td class=\"has-text-align-center\" data-align=\"center\"><\/td><\/tr><\/tbody><\/table><\/figure>\n\n\n\n<p><\/p>\n","protected":false},"excerpt":{"rendered":"<p>NORD-PAS DE CALAIS NOMPr\u00e9nom Qualit\u00e9(s) Adresse Contact(s) KASEMIERCZAK&nbsp;Dolores Conseill\u00e8reConseil conjugal &#8211; FormatriceAccompagnement SpirituelSupervision 59400 CAMBRAI 06 64 73 25 24 doloreskas07@gmail.comVISIO KASEMIERCZAK&nbsp;Jean-Pierre ConseillerConseil conjugal &#8211; FormateurSupervision 59400 CAMBRAI 07 83 41 78 90 jpkasmi@gmail.comVISIO MARIONNETAlain ConseillerPsychopraticienFormateur en Accompagnement SpirituelSupervision 59000LILLE 06 13 13 29 88 alain.marionnet@gmail.com VISIO OISE NOMPr\u00e9nom Qualit\u00e9(s) Adresse Contact(s) LETZELMyriam Conseill\u00e8rePsychanalisteConseill\u00e8re Conjugale<\/p><\/div>\n<div class=\"blog-btn\"><a href=\"https:\/\/acc-france.fr\/accfranc741\/?page_id=1983\" class=\"home-blog-btn\">Lire la suite<\/a><\/p>\n","protected":false},"author":1,"featured_media":0,"parent":0,"menu_order":0,"comment_status":"closed","ping_status":"closed","template":"","meta":{"footnotes":""},"class_list":["post-1983","page","type-page","status-publish","hentry"],"_links":{"self":[{"href":"https:\/\/acc-france.fr\/accfranc741\/index.php?rest_route=\/wp\/v2\/pages\/1983","targetHints":{"allow":["GET"]}}],"collection":[{"href":"https:\/\/acc-france.fr\/accfranc741\/index.php?rest_route=\/wp\/v2\/pages"}],"about":[{"href":"https:\/\/acc-france.fr\/accfranc741\/index.php?rest_route=\/wp\/v2\/types\/page"}],"author":[{"embeddable":true,"href":"https:\/\/acc-france.fr\/accfranc741\/index.php?rest_route=\/wp\/v2\/users\/1"}],"replies":[{"embeddable":true,"href":"https:\/\/acc-france.fr\/accfranc741\/index.php?rest_route=%2Fwp%2Fv2%2Fcomments&post=1983"}],"version-history":[{"count":11,"href":"https:\/\/acc-france.fr\/accfranc741\/index.php?rest_route=\/wp\/v2\/pages\/1983\/revisions"}],"predecessor-version":[{"id":2303,"href":"https:\/\/acc-france.fr\/accfranc741\/index.php?rest_route=\/wp\/v2\/pages\/1983\/revisions\/2303"}],"wp:attachment":[{"href":"https:\/\/acc-france.fr\/accfranc741\/index.php?rest_route=%2Fwp%2Fv2%2Fmedia&parent=1983"}],"curies":[{"name":"wp","href":"https:\/\/api.w.org\/{rel}","templated":true}]}}