{"id":690,"date":"2020-12-30T22:50:30","date_gmt":"2020-12-30T21:50:30","guid":{"rendered":"http:\/\/acc-france.fr\/accfranc741\/?page_id=690"},"modified":"2026-03-16T13:53:18","modified_gmt":"2026-03-16T12:53:18","slug":"paris","status":"publish","type":"page","link":"https:\/\/acc-france.fr\/accfranc741\/?page_id=690","title":{"rendered":"Paris &#8211; Ile-de-France"},"content":{"rendered":"\n<p class=\"has-text-color has-medium-font-size\" style=\"color:#20284f\"><strong>Les accompagnants accr\u00e9dit\u00e9s par l&rsquo;ACC sur Paris &#8211; Ile de France<\/strong><\/p>\n\n\n\n<hr class=\"wp-block-separator has-css-opacity aligncenter is-style-dots\"\/>\n\n\n\n<figure class=\"wp-block-table aligncenter has-medium-font-size\"><table><thead><tr><th class=\"has-text-align-center\" data-align=\"center\">NOM<br>Pr\u00e9nom<\/th><th class=\"has-text-align-center\" data-align=\"center\">Qualit\u00e9(s)<\/th><th class=\"has-text-align-center\" data-align=\"center\">Adresse<\/th><th class=\"has-text-align-center\" data-align=\"center\">Contact<\/th><\/tr><\/thead><tbody><tr><td class=\"has-text-align-center\" data-align=\"center\"><strong>BEILL<\/strong><br><strong>Francine<\/strong><\/td><td class=\"has-text-align-center\" data-align=\"center\">Conseill\u00e8re<br>Accompagnement spirituel<\/td><td class=\"has-text-align-center\" data-align=\"center\">77 VAIRE SUR MARNE<\/td><td class=\"has-text-align-center\" data-align=\"center\"><a href=\"mailto:francine.beill@sfr.fr\">francine.beill@free.fr<\/a><br><strong><span class=\"has-inline-color has-luminous-vivid-orange-color\">VISIO<\/span><\/strong><\/td><\/tr><tr><td class=\"has-text-align-center\" data-align=\"center\"><strong>BOSQUET&nbsp;<br><\/strong>Ruth<\/td><td class=\"has-text-align-center\" data-align=\"center\">Conseill\u00e8re<br>Cons. Conjugale<br>et Familiale<\/td><td class=\"has-text-align-center\" data-align=\"center\">75 PARIS 14\u00e8me<\/td><td class=\"has-text-align-center\" data-align=\"center\">06 35 32 73 10<br><a href=\"mailto:bosquet.r@yahoo.fr\">bosquet.r@yahoo.fr<\/a><br><strong><span class=\"has-inline-color has-luminous-vivid-orange-color\">VISIO<\/span><\/strong><\/td><\/tr><tr><td class=\"has-text-align-center\" data-align=\"center\"><strong>BOURG<br>H\u00e9l\u00e8ne<\/strong><\/td><td class=\"has-text-align-center\" data-align=\"center\">Conseill\u00e8re<br>Cons. Conjugale et Familiale<br>Sexologue<\/td><td class=\"has-text-align-center\" data-align=\"center\">75013 PARIS<br><\/td><td class=\"has-text-align-center\" data-align=\"center\">06 86 69 14 95<br><a rel=\"noreferrer noopener\" href=\"mailto:contact@ccf-hbourg.fr\" target=\"_blank\">contact@ccf-hbourg.fr<\/a><br><a rel=\"noreferrer noopener\" href=\"https:\/\/ccf-hbourg.fr\/\" target=\"_blank\">https:\/\/ccf-hbourg.fr<\/a><br><strong><mark style=\"background-color:rgba(0, 0, 0, 0)\" class=\"has-inline-color has-luminous-vivid-orange-color\">VISIO<\/mark><\/strong><\/td><\/tr><tr><td class=\"has-text-align-center\" data-align=\"center\"><strong>DELAUGERE<br>Anne-Marie<\/strong><\/td><td class=\"has-text-align-center\" data-align=\"center\">Conseill\u00e8re<br>Pasteure<\/td><td class=\"has-text-align-center\" data-align=\"center\">75018 PARIS<\/td><td class=\"has-text-align-center\" data-align=\"center\">06 74 94 46 49<br><a rel=\"noreferrer noopener\" href=\"mailto:amdelaugere@gmail.com\" target=\"_blank\">amdelaugere@gmail.com<\/a>&nbsp;<br><\/td><\/tr><tr><td class=\"has-text-align-center\" data-align=\"center\"><strong>DELAUGERE<br>Gilles<\/strong><\/td><td class=\"has-text-align-center\" data-align=\"center\">Conseiller<br>Pasteur<\/td><td class=\"has-text-align-center\" data-align=\"center\">75018 PARIS<\/td><td class=\"has-text-align-center\" data-align=\"center\">06 21 52 57 13<br><a rel=\"noreferrer noopener\" href=\"mailto:gilles.delaugere@gmail.com\" target=\"_blank\">gilles.delaugere@gmail.com<\/a><br><\/td><\/tr><tr><td class=\"has-text-align-center\" data-align=\"center\"><strong>EYKERMAN&nbsp;<br><\/strong>Roger<\/td><td class=\"has-text-align-center\" data-align=\"center\">Conseiller<br>Sexologue<\/td><td class=\"has-text-align-center\" data-align=\"center\">93110 ROSNY SOUS BOIS<\/td><td class=\"has-text-align-center\" data-align=\"center\">06 80 75 41 35<br><a href=\"mailto:roger.eykerman@free.fr\">roger.eykerman@free.fr<\/a><br><a rel=\"noreferrer noopener\" href=\"http:\/\/roger.eykerman.free.fr\/\" target=\"_blank\">site<\/a><br><strong><span class=\"has-inline-color has-luminous-vivid-orange-color\">VISIO<\/span><\/strong><\/td><\/tr><tr><td class=\"has-text-align-center\" data-align=\"center\"><strong>GRENOT&nbsp;<br><\/strong>Sarah<\/td><td class=\"has-text-align-center\" data-align=\"center\">Conseill\u00e8re<\/td><td class=\"has-text-align-center\" data-align=\"center\">91 MONTGERON<\/td><td class=\"has-text-align-center\" data-align=\"center\">06 18 39 54 07<br><a href=\"mailto:carry.sarrah@gmail.com\" target=\"_blank\" rel=\"noreferrer noopener\">carry.sarah@gmail.com<\/a><\/td><\/tr><tr><td class=\"has-text-align-center\" data-align=\"center\"><strong>KEIFLIN&nbsp;<br><\/strong>Sandrine<\/td><td class=\"has-text-align-center\" data-align=\"center\">Conseill\u00e8re<br>Conseill\u00e8re conjugale et familiale<br>Sexologie<\/td><td class=\"has-text-align-center\" data-align=\"center\">92100 BOULOGNE BILLANCOURT<\/td><td class=\"has-text-align-center\" data-align=\"center\">06 30 78 16 39<br><a href=\"mailto:s.keiflin@orange.fr\">s.keiflin@orange.fr<\/a><\/td><\/tr><tr><td class=\"has-text-align-center\" data-align=\"center\"><strong>LANTIER<br>Jessica<\/strong><\/td><td class=\"has-text-align-center\" data-align=\"center\">Conseill\u00e8re<br>Psychologue Clinicienne sp\u00e9cialis\u00e9e en neuropsychologie<br>Formatrice Empreinte<\/td><td class=\"has-text-align-center\" data-align=\"center\">94 BONNEUIL SUR MARNE<\/td><td class=\"has-text-align-center\" data-align=\"center\"><a href=\"mailto:jessica.lantier@outlook.com\">jessica.lantier@outlook.com<\/a><\/td><\/tr><tr><td class=\"has-text-align-center\" data-align=\"center\"><strong>MEYRE&nbsp;<br><\/strong>Thierry<\/td><td class=\"has-text-align-center\" data-align=\"center\">Conseiller<\/td><td class=\"has-text-align-center\" data-align=\"center\">77 CHAMPS SUR MARNE<\/td><td class=\"has-text-align-center\" data-align=\"center\"> <a href=\"mailto:thmeyre@gmail.com\">thmeyre@gmail.com<\/a><br><a href=\"https:\/\/www.relationdaide-meyre.com\/\">Site Relation d&rsquo;aide Thierry Meyre<\/a><br><strong><span class=\"has-inline-color has-luminous-vivid-orange-color\">VISIO<\/span><\/strong><\/td><\/tr><tr><td class=\"has-text-align-center\" data-align=\"center\"><strong>MENC\u00c9<\/strong><br>Corinne<\/td><td class=\"has-text-align-center\" data-align=\"center\">Conseill\u00e8re<br>Conseill\u00e8re Conjugale et familiale<\/td><td class=\"has-text-align-center\" data-align=\"center\">95 MONTMORENCY<\/td><td class=\"has-text-align-center\" data-align=\"center\">07 81 97 19 62<br><a href=\"mailto:corinne.mence.ccf@gmail.com\" target=\"_blank\" rel=\"noreferrer noopener\">corinne.mence.ccf@gmail.com<\/a><br><strong><span style=\"background-color:rgba(0, 0, 0, 0)\" class=\"has-inline-color has-luminous-vivid-orange-color\">VISIO<\/span><\/strong><\/td><\/tr><tr><td class=\"has-text-align-center\" data-align=\"center\"><strong>PAILLARD<br>Christine<\/strong><\/td><td class=\"has-text-align-center\" data-align=\"center\">Conseill\u00e8re<br>Formatrice &#8211; Animatrice de groupes de paroles<br>Superviseuse<\/td><td class=\"has-text-align-center\" data-align=\"center\">92 NANTERRE<\/td><td class=\"has-text-align-center\" data-align=\"center\">07 82 54 49 75<br><a href=\"mailto:christinepaillard@gmail.com\">christinepaillard@gmail.com<\/a><br><strong><span class=\"has-inline-color has-luminous-vivid-orange-color\">VISIO<\/span><\/strong><\/td><\/tr><tr><td class=\"has-text-align-center\" data-align=\"center\"><strong>POWNAL&nbsp;<br><\/strong>Laurence<\/td><td class=\"has-text-align-center\" data-align=\"center\">Conseill\u00e8re<br>Conseill\u00e8re conjugale et familiale<br>Accompagnement spirituel<\/td><td class=\"has-text-align-center\" data-align=\"center\">75 PARIS<\/td><td class=\"has-text-align-center\" data-align=\"center\">Non disponible pour l&rsquo;instant<br><\/td><\/tr><\/tbody><\/table><\/figure>\n\n\n\n<p><\/p>\n\n\n\n<p><\/p>\n","protected":false},"excerpt":{"rendered":"<p>Les accompagnants accr\u00e9dit\u00e9s par l&rsquo;ACC sur Paris &#8211; Ile de France NOMPr\u00e9nom Qualit\u00e9(s) Adresse Contact BEILLFrancine Conseill\u00e8reAccompagnement spirituel 77 VAIRE SUR MARNE francine.beill@free.frVISIO BOSQUET&nbsp;Ruth Conseill\u00e8reCons. Conjugaleet Familiale 75 PARIS 14\u00e8me 06 35 32 73 10bosquet.r@yahoo.frVISIO BOURGH\u00e9l\u00e8ne Conseill\u00e8reCons. Conjugale et FamilialeSexologue 75013 PARIS 06 86 69 14 95contact@ccf-hbourg.frhttps:\/\/ccf-hbourg.frVISIO DELAUGEREAnne-Marie Conseill\u00e8rePasteure 75018 PARIS 06 74 94 46<\/p><\/div>\n<div class=\"blog-btn\"><a href=\"https:\/\/acc-france.fr\/accfranc741\/?page_id=690\" class=\"home-blog-btn\">Lire la suite<\/a><\/p>\n","protected":false},"author":1,"featured_media":0,"parent":0,"menu_order":0,"comment_status":"closed","ping_status":"closed","template":"","meta":{"footnotes":""},"class_list":["post-690","page","type-page","status-publish","hentry"],"_links":{"self":[{"href":"https:\/\/acc-france.fr\/accfranc741\/index.php?rest_route=\/wp\/v2\/pages\/690","targetHints":{"allow":["GET"]}}],"collection":[{"href":"https:\/\/acc-france.fr\/accfranc741\/index.php?rest_route=\/wp\/v2\/pages"}],"about":[{"href":"https:\/\/acc-france.fr\/accfranc741\/index.php?rest_route=\/wp\/v2\/types\/page"}],"author":[{"embeddable":true,"href":"https:\/\/acc-france.fr\/accfranc741\/index.php?rest_route=\/wp\/v2\/users\/1"}],"replies":[{"embeddable":true,"href":"https:\/\/acc-france.fr\/accfranc741\/index.php?rest_route=%2Fwp%2Fv2%2Fcomments&post=690"}],"version-history":[{"count":39,"href":"https:\/\/acc-france.fr\/accfranc741\/index.php?rest_route=\/wp\/v2\/pages\/690\/revisions"}],"predecessor-version":[{"id":2317,"href":"https:\/\/acc-france.fr\/accfranc741\/index.php?rest_route=\/wp\/v2\/pages\/690\/revisions\/2317"}],"wp:attachment":[{"href":"https:\/\/acc-france.fr\/accfranc741\/index.php?rest_route=%2Fwp%2Fv2%2Fmedia&parent=690"}],"curies":[{"name":"wp","href":"https:\/\/api.w.org\/{rel}","templated":true}]}}