{"id":699,"date":"2020-12-30T22:51:26","date_gmt":"2020-12-30T21:51:26","guid":{"rendered":"http:\/\/acc-france.fr\/accfranc741\/?page_id=699"},"modified":"2026-04-13T11:40:10","modified_gmt":"2026-04-13T09:40:10","slug":"sud-est-et-corse","status":"publish","type":"page","link":"https:\/\/acc-france.fr\/accfranc741\/?page_id=699","title":{"rendered":"Bourgogne-Franche-Comt\u00e9\/Auvergne Rh\u00f4ne-Alpes"},"content":{"rendered":"\n<p class=\"has-text-color has-medium-font-size\" style=\"color:#20284f\"><\/p>\n\n\n\n<figure class=\"wp-block-table\"><table><thead><tr><th class=\"has-text-align-center\" data-align=\"center\">NOM<br>Pr\u00e9nom<\/th><th class=\"has-text-align-center\" data-align=\"center\">Qualit\u00e9(s)<\/th><th class=\"has-text-align-center\" data-align=\"center\">Adresse<\/th><th class=\"has-text-align-center\" data-align=\"center\">Contact(s)<\/th><\/tr><\/thead><tbody><tr><td class=\"has-text-align-center\" data-align=\"center\"><strong>ROY&nbsp;<br>Priscille<\/strong><\/td><td class=\"has-text-align-center\" data-align=\"center\">Conseill\u00e8re<br>Conseill\u00e8re Conjugale et Familiale<br>Accompagnement \u00e0 la parentalit\u00e9<br>Vie Relationnelle et Affective<\/td><td class=\"has-text-align-center\" data-align=\"center\">25200 MONTBELLIARD<\/td><td class=\"has-text-align-center\" data-align=\"center\">07 49 49 37 15<\/td><\/tr><\/tbody><\/table><\/figure>\n\n\n\n<p class=\"has-text-color has-medium-font-size\" style=\"color:#20284f\"><\/p>\n\n\n\n<figure class=\"wp-block-table\"><table><thead><tr><th class=\"has-text-align-center\" data-align=\"center\">NOM<br>Pr\u00e9nom<\/th><th class=\"has-text-align-center\" data-align=\"center\">Qualit\u00e9(s)<\/th><th class=\"has-text-align-center\" data-align=\"center\">Adresse<\/th><th class=\"has-text-align-center\" data-align=\"center\">Contact(s)<\/th><\/tr><\/thead><tbody><tr><td class=\"has-text-align-center\" data-align=\"center\"><strong>BISSUEL &nbsp;<br>Anne-Marie<\/strong><\/td><td class=\"has-text-align-center\" data-align=\"center\">Ecoutante<\/td><td class=\"has-text-align-center\" data-align=\"center\">69100 VILLEURBANNE<\/td><td class=\"has-text-align-center\" data-align=\"center\">04 78 94 11 56<br><a href=\"mailto:am.bissuel@laposte.net\">am.bissuel@laposte.net<\/a><\/td><\/tr><tr><td class=\"has-text-align-center\" data-align=\"center\"><strong>DELABY<\/strong><br>Isabelle<\/td><td class=\"has-text-align-center\" data-align=\"center\">Conseill\u00e8re<\/td><td class=\"has-text-align-center\" data-align=\"center\">69 VILLEURBANNE<\/td><td class=\"has-text-align-center\" data-align=\"center\"><br><\/td><\/tr><tr><td class=\"has-text-align-center\" data-align=\"center\"><strong>FAURE<br>Isabelle<\/strong> <strong>et G\u00e9rard <\/strong><\/td><td class=\"has-text-align-center\" data-align=\"center\">Conseill\u00e8re \/ Conseiller<br>Conseill\u00e8re conjugale et familiale<br>Sexoth\u00e9rapeute (Isabelle)<\/td><td class=\"has-text-align-center\" data-align=\"center\">42 RIVE DE GIER<\/td><td class=\"has-text-align-center\" data-align=\"center\">06 10 29 06 47&nbsp;<br><a href=\"mailto:isabellefaureccf@gmail.com\" target=\"_blank\" rel=\"noreferrer noopener\">isabellefaureccf@gmail.com<\/a><br><strong><span class=\"has-inline-color has-luminous-vivid-orange-color\">VISIO<\/span><\/strong><\/td><\/tr><tr><td class=\"has-text-align-center\" data-align=\"center\"><strong>FRIEDLI&nbsp;<br>Martine<\/strong><\/td><td class=\"has-text-align-center\" data-align=\"center\">Conseill\u00e8re<\/td><td class=\"has-text-align-center\" data-align=\"center\">74370 METZ-TESSY<\/td><td class=\"has-text-align-center\" data-align=\"center\">06 16 95 50 84<br><a href=\"mailto:martine.friedli@neuf.fr\" target=\"_blank\" rel=\"noreferrer noopener\">martine.friedli@gmail.com<\/a><\/td><\/tr><tr><td class=\"has-text-align-center\" data-align=\"center\"><strong>GOMEZ&nbsp;<br>Daniela<\/strong><\/td><td class=\"has-text-align-center\" data-align=\"center\">Conseill\u00e8re<br>C. Conjugale et Familiale<\/td><td class=\"has-text-align-center\" data-align=\"center\">69001 LYON<\/td><td class=\"has-text-align-center\" data-align=\"center\">06 68 98 25 34<br>04 72 00 25 34<\/td><\/tr><tr><td class=\"has-text-align-center\" data-align=\"center\"><strong>HOAREAU&nbsp;<br>G\u00e9rard et Martine<\/strong><\/td><td class=\"has-text-align-center\" data-align=\"center\">Conseil conjugal et familial<br>Conseiller<br>Formateurs<\/td><td class=\"has-text-align-center\" data-align=\"center\">71400 JOUDES<\/td><td class=\"has-text-align-center\" data-align=\"center\">06 41 75 54 44<br>06 81 89 65 03<br><a href=\"mailto:contact@chateau-de-joudes.com\">&nbsp;contact@chateau-de-joudes.com<\/a><br><a href=\"mailto:martinelegalhoareau@gmail.com\">martinelegalhoareau@gmail.com<\/a><br><strong><span class=\"has-inline-color has-luminous-vivid-orange-color\">VISIO<\/span><\/strong><\/td><\/tr><tr><td class=\"has-text-align-center\" data-align=\"center\"><strong>KEHOE&nbsp;<br>Karen<\/strong><\/td><td class=\"has-text-align-center\" data-align=\"center\">Conseill\u00e8re<\/td><td class=\"has-text-align-center\" data-align=\"center\">74330 POISY<\/td><td class=\"has-text-align-center\" data-align=\"center\">06 86 61 63 26<br><a href=\"mailto:annecy@lavoile.ch\">annecy@lavoile.ch<\/a><br><a rel=\"noreferrer noopener\" href=\"http:\/\/lavoile.ch\/\" target=\"_blank\">site we<\/a><a href=\"http:\/\/lavoile.ch\/\" target=\"_blank\" rel=\"noreferrer noopener\">b<\/a><\/td><\/tr><tr><td class=\"has-text-align-center\" data-align=\"center\"><strong>LANGLET<\/strong><br><strong>Lobeau<\/strong><\/td><td class=\"has-text-align-center\" data-align=\"center\">Conseill\u00e8re<\/td><td class=\"has-text-align-center\" data-align=\"center\">74160 COLLONGES-SOUS-SALEVE<\/td><td class=\"has-text-align-center\" data-align=\"center\">06 36 53 80 82<br><a href=\"mailto:lobeau.langlet@gmail.com\">lobeau.langlet@gmail.com<\/a><br><\/td><\/tr><tr><td class=\"has-text-align-center\" data-align=\"center\"><strong>LAUCHER<br>Agn\u00e8s<\/strong><\/td><td class=\"has-text-align-center\" data-align=\"center\">Conseill\u00e8re<br>Psychologue <br>Education \u00e0 la parentalit\u00e9<br> Formation<br>Supervision<br>Test MMPI<\/td><td class=\"has-text-align-center\" data-align=\"center\">73 ALBERVILLE<\/td><td class=\"has-text-align-center\" data-align=\"center\">06 08 13 64 51<br><a href=\"mailto:agnes.laucher@gmail.com\">agnes.laucher@gmail.com<\/a><\/td><\/tr><tr><td class=\"has-text-align-center\" data-align=\"center\"><strong>NICHOLSON<br>V\u00e9ronique<\/strong><\/td><td class=\"has-text-align-center\" data-align=\"center\">Conseill\u00e8re en Relation d&rsquo;Aide <br>Master de psychologie<\/td><td class=\"has-text-align-center\" data-align=\"center\">74340 SAMO\u00cbNS<\/td><td class=\"has-text-align-center\" data-align=\"center\">07 59 74 62 80<br><a href=\"http:\/\/www.veronique-nicholson.com\/\" target=\"_blank\" rel=\"noreferrer noopener\">www.veronique-nicholson.com<\/a><br><a href=\"mailto:veroniquejeanson@hotmail.com\">&nbsp;<\/a><a href=\"mailto:veronique.nicholson@gmail.com\">veronique.nicholson@gmail.com<\/a><\/td><\/tr><tr><td class=\"has-text-align-center\" data-align=\"center\"><strong>PASQUIER&nbsp;<br>Christine et Jean-Louis<\/strong><\/td><td class=\"has-text-align-center\" data-align=\"center\">Conseillers<br>Formateurs<\/td><td class=\"has-text-align-center\" data-align=\"center\">38200 VIENNE<\/td><td class=\"has-text-align-center\" data-align=\"center\">04 74 85 51 92<br><a href=\"mailto:jlch.pasquier@orange.fr\">jlch.pasquier@orange.fr<\/a><br><a href=\"mailto:coach.christine@orange.fr\">coach.christine@orange.fr<\/a><br><a href=\"http:\/\/cultiver-la-vie.fr\/\" target=\"_blank\" rel=\"noreferrer noopener\">www.cultiver-la-vie.fr<\/a><br><strong><span class=\"has-inline-color has-luminous-vivid-orange-color\">VISIO<\/span><\/strong><\/td><\/tr><tr><td class=\"has-text-align-center\" data-align=\"center\"><strong>MATHEZ-ROUMEAS<br>Agn\u00e8s<\/strong><\/td><td class=\"has-text-align-center\" data-align=\"center\">Conseill\u00e8re<\/td><td class=\"has-text-align-center\" data-align=\"center\">25 RENNE SUR LOUE<\/td><td class=\"has-text-align-center\" data-align=\"center\">06 50 00 76 98<br><a href=\"mailto:a.mathezroumeas@yahoo.fr\" target=\"_blank\" rel=\"noreferrer noopener\">a.mathezroumeas@yahoo.fr<\/a><br><\/td><\/tr><tr><td class=\"has-text-align-center\" data-align=\"center\"><strong>WITTMANN&nbsp;<br>Anne-Lise<\/strong><\/td><td class=\"has-text-align-center\" data-align=\"center\">Conseill\u00e8re<br>C. conjugale et familiale<\/td><td class=\"has-text-align-center\" data-align=\"center\">38920 CROLLES<\/td><td class=\"has-text-align-center\" data-align=\"center\">04 38 92 01 09<br>06 84 77 76 36<\/td><\/tr><\/tbody><\/table><\/figure>\n\n\n\n<p class=\"has-text-color has-medium-font-size\" style=\"color:#20284f\"><strong>C\u00d4TE-D&rsquo;OR<\/strong><\/p>\n\n\n\n<figure class=\"wp-block-table\"><table><thead><tr><th class=\"has-text-align-center\" data-align=\"center\">NOM<br>Pr\u00e9nom<\/th><th class=\"has-text-align-center\" data-align=\"center\">Qualit\u00e9(s)<\/th><th class=\"has-text-align-center\" data-align=\"center\">Adresse<\/th><th class=\"has-text-align-center\" data-align=\"center\">Contact(s)<\/th><\/tr><\/thead><tbody><tr><td class=\"has-text-align-center\" data-align=\"center\"><strong>LEDOYEN&nbsp;<br>Georges<\/strong><\/td><td class=\"has-text-align-center\" data-align=\"center\">Conseiller<\/td><td class=\"has-text-align-center\" data-align=\"center\">21 ETAIS<\/td><td class=\"has-text-align-center\" data-align=\"center\">06 18 78 21 26<br><a href=\"mailto:choisislavie@gmail.com\">choisislavie@gmail.com<\/a><\/td><\/tr><tr><td class=\"has-text-align-center\" data-align=\"center\"><strong>SALAUN<br>Anne<\/strong><\/td><td class=\"has-text-align-center\" data-align=\"center\">Conseill\u00e8re<\/td><td class=\"has-text-align-center\" data-align=\"center\">21 DIJON<\/td><td class=\"has-text-align-center\" data-align=\"center\">06 65 08 57 93<br><a href=\"mailto:salaun.anne@sfr.fr\" target=\"_blank\" rel=\"noreferrer noopener\">salaun.anne@sfr.fr<\/a><br><strong><span class=\"has-inline-color has-luminous-vivid-orange-color\">VISIO<\/span><\/strong><\/td><\/tr><\/tbody><\/table><\/figure>\n\n\n\n<p class=\"has-text-color has-medium-font-size\" style=\"color:#20284f\"><strong>ARDECHE<\/strong><\/p>\n\n\n\n<figure class=\"wp-block-table\"><table><thead><tr><th class=\"has-text-align-center\" data-align=\"center\">NOM<br>Pr\u00e9nom<\/th><th class=\"has-text-align-center\" data-align=\"center\">Qualit\u00e9(s)<\/th><th class=\"has-text-align-center\" data-align=\"center\">Adresse<\/th><th class=\"has-text-align-center\" data-align=\"center\">Contact(s)<\/th><\/tr><\/thead><tbody><tr><td class=\"has-text-align-center\" data-align=\"center\"><strong>MEISSNER-SCHMIDT<br>Claire-Lise<\/strong><\/td><td class=\"has-text-align-center\" data-align=\"center\">Conseill\u00e8re<br>accompagement spirituel<\/td><td class=\"has-text-align-center\" data-align=\"center\">M\u00e9lodies Int\u00e9rieures<br>07160&nbsp; ST BARTHELEMY LE MEIL<\/td><td class=\"has-text-align-center\" data-align=\"center\"><br>04 75 30 21 10<br>07 68 72 72 74<br><a href=\"mailto:claire-lise.meissner@wanadoo.fr\">melodiesinterieures.asso@gmail.com<\/a><\/td><\/tr><\/tbody><\/table><\/figure>\n\n\n\n<hr class=\"wp-block-separator has-css-opacity is-style-dots\"\/>\n\n\n\n<p class=\"has-text-color has-medium-font-size\" style=\"color:#20284f\"><strong>DROME<\/strong><\/p>\n\n\n\n<figure class=\"wp-block-table\"><table><thead><tr><th class=\"has-text-align-center\" data-align=\"center\">NOM<br>Pr\u00e9nom<\/th><th class=\"has-text-align-center\" data-align=\"center\">Qualit\u00e9(s)<\/th><th class=\"has-text-align-center\" data-align=\"center\">Adresse<\/th><th class=\"has-text-align-center\" data-align=\"center\">Contact(s)<\/th><\/tr><\/thead><tbody><tr><td class=\"has-text-align-center\" data-align=\"center\"><strong>CAZABAN<br>H\u00e9l\u00e8ne<\/strong><\/td><td class=\"has-text-align-center\" data-align=\"center\">Ecoutante<\/td><td class=\"has-text-align-center\" data-align=\"center\">84 ORANGE<\/td><td class=\"has-text-align-center\" data-align=\"center\">06 62 27 05 42<br><a href=\"mailto:hlcazaban@gmail.com\">hlcazaban@gmail.com<\/a><br><strong><span class=\"has-inline-color has-luminous-vivid-orange-color\">VISIO<\/span><\/strong><\/td><\/tr><tr><td class=\"has-text-align-center\" data-align=\"center\"><strong>FAYARD&nbsp;<br>Th\u00e9r\u00e8se&nbsp;&nbsp;<\/strong><\/td><td class=\"has-text-align-center\" data-align=\"center\">Conseill\u00e8re<\/td><td class=\"has-text-align-center\" data-align=\"center\">Un bout de Chemin<br>26 MONTELIMAR<br>42 St ETIENNE<\/td><td class=\"has-text-align-center\" data-align=\"center\">06 11 38 05 48<br><a href=\"mailto:mamithejp@wanadoo.fr\">mamithejp@wanadoo.fr<\/a><\/td><\/tr><tr><td class=\"has-text-align-center\" data-align=\"center\"><strong>ROOSEBOOM&nbsp;<br>Marielle<\/strong><\/td><td class=\"has-text-align-center\" data-align=\"center\">Conseill\u00e8re&nbsp;<br>Conseill\u00e8re conjugale et familiale<\/td><td class=\"has-text-align-center\" data-align=\"center\">26750 CHATILLON ST JEAN<\/td><td class=\"has-text-align-center\" data-align=\"center\">06 45 19 39 43 <a href=\"mailto:marielle.rooseboom@gmail.com\">marielle.rooseboom@gmail.com<\/a><br><a href=\"http:\/\/www.entre-mots-et-silences.fr\">site web<\/a><br><strong><span class=\"has-inline-color has-luminous-vivid-orange-color\">VISIO<\/span><\/strong><\/td><\/tr><\/tbody><\/table><\/figure>\n\n\n\n<hr class=\"wp-block-separator has-css-opacity is-style-dots\"\/>\n\n\n\n<hr class=\"wp-block-separator has-css-opacity is-style-dots\"\/>\n\n\n\n<hr class=\"wp-block-separator has-css-opacity is-style-dots\"\/>\n\n\n\n<p class=\"has-text-color has-medium-font-size\" style=\"color:#20284f\"><strong>SUPERVISEURS CHR\u00c9TIENS SYMPATHISANTS DE L&rsquo;ACC<\/strong><\/p>\n\n\n\n<figure class=\"wp-block-table\"><table class=\"has-background\" style=\"background-color:#f3f4f5\"><thead><tr><th class=\"has-text-align-center\" data-align=\"center\">NOM<br>Pr\u00e9nom<\/th><th class=\"has-text-align-center\" data-align=\"center\">Qualit\u00e9(s)<\/th><th class=\"has-text-align-center\" data-align=\"center\">Adresse<\/th><th class=\"has-text-align-center\" data-align=\"center\">Contact(s)<\/th><\/tr><\/thead><tbody><tr><td class=\"has-text-align-center\" data-align=\"center\"><strong>AUROUZE&nbsp;<br>Genevi\u00e8ve<\/strong><\/td><td class=\"has-text-align-center\" data-align=\"center\">Psychologue retrait\u00e9e&nbsp;<br>accepte de superviser<\/td><td class=\"has-text-align-center\" data-align=\"center\">&nbsp;74160 COLLONGES<\/td><td class=\"has-text-align-center\" data-align=\"center\">04 50 43 78 80<br><a href=\"mailto:genevieve.aurouze@free.fr\">genevieve.aurouze@free.fr<\/a><\/td><\/tr><tr><td class=\"has-text-align-center\" data-align=\"center\"><strong>TAUPIER-LETAGE<br>&nbsp;Idelette<\/strong><\/td><td class=\"has-text-align-center\" data-align=\"center\">Psychologue, form\u00e9e \u00e0 la supervision<\/td><td class=\"has-text-align-center\" data-align=\"center\">26000 VALENCE<\/td><td class=\"has-text-align-center\" data-align=\"center\">04 75 41 15 21<br>06 73 52 26 65<br><a href=\"mailto:itl@sfr.fr\">itl@sfr.fr<\/a><\/td><\/tr><\/tbody><\/table><\/figure>\n","protected":false},"excerpt":{"rendered":"<p>NOMPr\u00e9nom Qualit\u00e9(s) Adresse Contact(s) ROY&nbsp;Priscille Conseill\u00e8reConseill\u00e8re Conjugale et FamilialeAccompagnement \u00e0 la parentalit\u00e9Vie Relationnelle et Affective 25200 MONTBELLIARD 07 49 49 37 15 NOMPr\u00e9nom Qualit\u00e9(s) Adresse Contact(s) BISSUEL &nbsp;Anne-Marie Ecoutante 69100 VILLEURBANNE 04 78 94 11 56am.bissuel@laposte.net DELABYIsabelle Conseill\u00e8re 69 VILLEURBANNE FAUREIsabelle et G\u00e9rard Conseill\u00e8re \/ ConseillerConseill\u00e8re conjugale et familialeSexoth\u00e9rapeute (Isabelle) 42 RIVE DE GIER 06<\/p><\/div>\n<div class=\"blog-btn\"><a href=\"https:\/\/acc-france.fr\/accfranc741\/?page_id=699\" class=\"home-blog-btn\">Lire la suite<\/a><\/p>\n","protected":false},"author":1,"featured_media":0,"parent":0,"menu_order":0,"comment_status":"closed","ping_status":"closed","template":"","meta":{"footnotes":""},"class_list":["post-699","page","type-page","status-publish","hentry"],"_links":{"self":[{"href":"https:\/\/acc-france.fr\/accfranc741\/index.php?rest_route=\/wp\/v2\/pages\/699","targetHints":{"allow":["GET"]}}],"collection":[{"href":"https:\/\/acc-france.fr\/accfranc741\/index.php?rest_route=\/wp\/v2\/pages"}],"about":[{"href":"https:\/\/acc-france.fr\/accfranc741\/index.php?rest_route=\/wp\/v2\/types\/page"}],"author":[{"embeddable":true,"href":"https:\/\/acc-france.fr\/accfranc741\/index.php?rest_route=\/wp\/v2\/users\/1"}],"replies":[{"embeddable":true,"href":"https:\/\/acc-france.fr\/accfranc741\/index.php?rest_route=%2Fwp%2Fv2%2Fcomments&post=699"}],"version-history":[{"count":79,"href":"https:\/\/acc-france.fr\/accfranc741\/index.php?rest_route=\/wp\/v2\/pages\/699\/revisions"}],"predecessor-version":[{"id":2343,"href":"https:\/\/acc-france.fr\/accfranc741\/index.php?rest_route=\/wp\/v2\/pages\/699\/revisions\/2343"}],"wp:attachment":[{"href":"https:\/\/acc-france.fr\/accfranc741\/index.php?rest_route=%2Fwp%2Fv2%2Fmedia&parent=699"}],"curies":[{"name":"wp","href":"https:\/\/api.w.org\/{rel}","templated":true}]}}