{"id":841,"date":"2021-01-05T11:56:25","date_gmt":"2021-01-05T10:56:25","guid":{"rendered":"http:\/\/acc-france.fr\/accfranc741\/?page_id=841"},"modified":"2026-04-23T10:13:57","modified_gmt":"2026-04-23T08:13:57","slug":"accreditation-des-formations","status":"publish","type":"page","link":"https:\/\/acc-france.fr\/accfranc741\/?page_id=841","title":{"rendered":"Accr\u00e9ditation des formations"},"content":{"rendered":"\n<div class=\"wp-block-media-text alignwide is-stacked-on-mobile\" style=\"grid-template-columns:16% auto\"><figure class=\"wp-block-media-text__media\"><img loading=\"lazy\" decoding=\"async\" width=\"178\" height=\"180\" src=\"https:\/\/acc-france.fr\/accfranc741\/wp-content\/uploads\/2021\/01\/enseignement.jpg\" alt=\"\" class=\"wp-image-842 size-full\"\/><\/figure><div class=\"wp-block-media-text__content\">\n<p class=\"has-normal-font-size\"><strong>L\u2019ACC cherche \u00e0 superviser et \u00e0 am\u00e9liorer les crit\u00e8res de qualit\u00e9 de la formation \u00e0 la relation d\u2019aide chr\u00e9tienne.<\/strong><br>Dans ce but, l\u2019ACC d\u00e9livre une&nbsp;<strong>reconnaissance Niveau 1<\/strong>&nbsp;&nbsp;pour les formations pr\u00e9parant aux 120 heures du Niveau \u00c9coutant,&nbsp;et une&nbsp;<strong>reconnaissance Niveau 2<\/strong>&nbsp;&nbsp;pour les formations pr\u00e9parant aux 400 heures du Niveau Conseiller.<\/p>\n\n\n\n<p><strong>Il est de la responsabilit\u00e9 de la Commission d\u2019Accr\u00e9ditation ACC d\u2019\u00e9tablir des crit\u00e8res d\u2019\u00e9valuation de qualit\u00e9 et de superviser les cours.<br>La Commission d\u2019Accr\u00e9ditation s\u2019assure que la formation est fond\u00e9e sur une \u00e9thique chr\u00e9tienne et que le niveau des connaissances th\u00e9oriques, les capacit\u00e9s pratiques et l\u2019attitude personnelle enseign\u00e9s aux stagiaires sont de niveau \u00e9quivalent \u00e0 de bonnes formations s\u00e9culi\u00e8res \u00e9quivalentes.<\/strong><\/p>\n\n\n\n<p>C\u2019est le Directeur de la formation qui demande le dossier pour la reconnaissance et le remplit.<br>Le contenu de la formation doit respecter le Code d\u2019\u00e9thique et de d\u00e9ontologie, la Confession de foi et l\u2019approche plurielle de la relation d&rsquo;aide qui est celle de l\u2019ACC-France.<br>La demande sera soumise \u00e0 la Commission d&rsquo;Accr\u00e9ditation qui d\u00e9livrera ou non la reconnaissance.<br>Des frais d\u2019inscription seront \u00e9ventuellement demand\u00e9s.<br>Si la Commission fait des recommandations en vue de modifications ou d\u2019am\u00e9liorations de la formation pouvant facilement \u00eatre ex\u00e9cut\u00e9es, la demande sera maintenue pour un d\u00e9lai d\u00e9termin\u00e9, \u00e0 condition que les exigences de la Commission soient respect\u00e9es.<\/p>\n\n\n\n<p><strong>Une fois reconnue par l\u2019ACC-France, la formation permet de valider les deux tiers des modules des cursus <strong>\u00c9<\/strong>coutant ou Conseiller&nbsp;<\/strong><\/p>\n<\/div><\/div>\n","protected":false},"excerpt":{"rendered":"<p>L\u2019ACC cherche \u00e0 superviser et \u00e0 am\u00e9liorer les crit\u00e8res de qualit\u00e9 de la formation \u00e0 la relation d\u2019aide chr\u00e9tienne.Dans ce but, l\u2019ACC d\u00e9livre une&nbsp;reconnaissance Niveau 1&nbsp;&nbsp;pour les formations pr\u00e9parant aux 120 heures du Niveau \u00c9coutant,&nbsp;et une&nbsp;reconnaissance Niveau 2&nbsp;&nbsp;pour les formations pr\u00e9parant aux 400 heures du Niveau Conseiller. Il est de la responsabilit\u00e9 de la Commission<\/p><\/div>\n<div class=\"blog-btn\"><a href=\"https:\/\/acc-france.fr\/accfranc741\/?page_id=841\" class=\"home-blog-btn\">Lire la suite<\/a><\/p>\n","protected":false},"author":1,"featured_media":0,"parent":0,"menu_order":0,"comment_status":"closed","ping_status":"closed","template":"","meta":{"footnotes":""},"class_list":["post-841","page","type-page","status-publish","hentry"],"_links":{"self":[{"href":"https:\/\/acc-france.fr\/accfranc741\/index.php?rest_route=\/wp\/v2\/pages\/841","targetHints":{"allow":["GET"]}}],"collection":[{"href":"https:\/\/acc-france.fr\/accfranc741\/index.php?rest_route=\/wp\/v2\/pages"}],"about":[{"href":"https:\/\/acc-france.fr\/accfranc741\/index.php?rest_route=\/wp\/v2\/types\/page"}],"author":[{"embeddable":true,"href":"https:\/\/acc-france.fr\/accfranc741\/index.php?rest_route=\/wp\/v2\/users\/1"}],"replies":[{"embeddable":true,"href":"https:\/\/acc-france.fr\/accfranc741\/index.php?rest_route=%2Fwp%2Fv2%2Fcomments&post=841"}],"version-history":[{"count":5,"href":"https:\/\/acc-france.fr\/accfranc741\/index.php?rest_route=\/wp\/v2\/pages\/841\/revisions"}],"predecessor-version":[{"id":2346,"href":"https:\/\/acc-france.fr\/accfranc741\/index.php?rest_route=\/wp\/v2\/pages\/841\/revisions\/2346"}],"wp:attachment":[{"href":"https:\/\/acc-france.fr\/accfranc741\/index.php?rest_route=%2Fwp%2Fv2%2Fmedia&parent=841"}],"curies":[{"name":"wp","href":"https:\/\/api.w.org\/{rel}","templated":true}]}}